48. Give a(-162).
0
Let t(k) = -8*k**2 - 4797*k - 9583. Give t(-2).
-21
Let p(f) = -8*f**2 + 576*f + 17. Give p(0).
17
Let f(l) = 3380*l**2 - 37195*l + 180. Give f(11).
15
Let j(f) = -27676*f - 110109. What is j(-4)?
595
Let j(w) = -580118*w - 1740312. Determine j(-3).
42
Let q(b) = 57*b**3 + 1371*b**2 + 90*b + 400. Calculate q(-24).
-32
Let o(y) = 2*y**3 - 257*y**2 + 2591*y - 73. Give o(11).
-7
Let q(r) = 427515*r + 5130203. Determine q(-12).
23
Let u(l) = 48162*l + 3034216. Calculate u(-63).
10
Let y(u) = -u**2 - 8837*u - 202717. Calculate y(-23).
5
Let d(t) = -2*t**2 + 211*t + 33991. Give d(-88).
-65
Let j(t) = -7*t**3 + 7*t**2 - 435*t + 1688. Determine j(4).
-388
Let l(j) = j**2 - 950*j - 93600. Determine l(-90).
0
Let m(b) = -2*b**2 + 848*b - 4. What is m(0)?
-4
Let d(w) = w**2 - 1009*w + 71772. Calculate d(77).
8
Let o(l) = -l**3 - 269*l**2 + 1805*l + 895. Calculate o(7).
6
Let w(h) = -h**2 + 1323*h + 62907. What is w(-46)?
-67
Let q(u) = -u**2 + 25075*u - 6746408. Give q(272).
8
Let q(y) = -327251*y + 22580319. What is q(69)?
0
Let g(f) = 108956*f - 1961186. Give g(18).
22
Let k(o) = -60*o - 29793. Calculate k(-496).
-33
Let w(c) = -15131*c - 90956. Calculate w(-6).
-170
Let s(j) = -72*j**3 - 1368*j**2 + 5*j + 117. What is s(-19)?
22
Let a(q) = -q**3 + 1177*q**2 + 2356*q - 9. Determine a(-2).
-5
Let n(i) = -i**3 - 87*i**2 - 3*i - 377. Determine n(-87).
-116
Let k(z) = -z**3 - 105*z**2 + 1531*z + 710. Calculate k(-118).
1064
Let k(l) = 30382*l + 2552090. Determine k(-84).
2
Let j(o) = 44647*o + 179522. Determine j(-4).
934
Let h(u) = u**2 - 2851*u + 275069. Give h(100).
-31
Let d(a) = -a**3 - 3*a**2 - 427*a + 140. Give d(0).
140
Let b(h) = 3*h**2 - 2012*h - 48586. Give b(694).
-6
Let k(x) = -13*x**3 + 587*x**2 - 96*x + 118. Determine k(45).
-152
Let d(b) = -42460*b + 552182. What is d(13)?
202
Let u(g) = 41*g**2 - 3241*g + 163. Calculate u(79).
5
Let m(y) = -3*y**3 + 513*y**2 + 456*y + 10374. Give m(172).
54
Let f(l) = l**3 - 35*l**2 - 504*l - 2. Give f(-11).
-24
Let h(m) = m**3 - 14*m**2 + 78*m - 492. Determine h(10).
-112
Let b(l) = 106*l**2 + 946*l - 20055. Determine b(10).
5
Let m(y) = -y**2 - 35*y + 50036. Determine m(-242).
-58
Let s(h) = h**3 - 6*h**2 + 71*h - 3087. Give s(15).
3
Let o(i) = -28*i**2 + 199*i - 188. Calculate o(6).
-2
Let i(n) = -767*n + 181149. What is i(237)?
-630
Let n(i) = 405549*i + 6894334. What is n(-17)?
1
Let f(v) = 664*v - 563763. Determine f(849).
-27
Let a(i) = -101*i + 7306. What is a(72)?
34
Let b(u) = -3*u**2 + 10920*u + 497493. Determine b(-45).
18
Let q(r) = -r**3 + 32*r**2 - 76*r - 972. What is q(27)?
621
Let l(r) = r**2 + 192*r - 3070. Calculate l(15).
35
Let p(m) = -418*m + 69235. Calculate p(168).
-989
Let s(z) = -27*z**3 + 141*z**2 + 18*z + 15. Calculate s(6).
-633
Let b(r) = 22161*r - 110791. Calculate b(5).
14
Let p(k) = k**3 + 45*k**2 + 33*k - 7847. What is p(-39)?
-8
Let x(a) = a**3 - 34*a**2 + 256*a - 520. What is x(8)?
-136
Let d(k) = -221*k - 187. Calculate d(-5).
918
Let t(n) = n**2 - 277*n - 31694. Determine t(364).
-26
Let u(r) = 103747*r - 1452449. Calculate u(14).
9
Let x(d) = -274*d**2 - 3*d - 42. Determine x(2).
-1144
Let i(h) = h**3 + 16*h**2 + 67*h - 156. Give i(-14).
-702
Let c(b) = 2*b**3 - 241*b**2 + 413*b - 35154. Calculate c(120).
6
Let r(m) = m**3 + 21*m**2 - 45*m + 1259. Determine r(-25).
-116
Let c(q) = -3*q**2 + 92*q + 5173. Determine c(-34).
-1423
Let p(m) = m**3 + 153*m**2 + 1165*m + 119. Determine p(-8).
79
Let j(d) = -435*d**2 + 8717*d - 355. What is j(20)?
-15
Let g(q) = -233687*q - 934742. Calculate g(-4).
6
Let w(b) = -7386*b - 1654469. Calculate w(-224).
-5
Let t(k) = -1476*k + 202336. Calculate t(137).
124
Let i(c) = 2*c**2 - 47*c + 219. Calculate i(5).
34
Let j(z) = -21*z**2 - 5012*z - 41859. What is j(-230)?
1
Let x(k) = k**3 - 103*k**2 - 60*k - 5968. Give x(104).
-1392
Let r(y) = 1262*y + 21491. Determine r(-17).
37
Let i(a) = 62*a**2 - 11781*a - 594. Calculate i(190).
-784
Let n(v) = 6*v**2 - 6244*v + 1598857. Give n(455).
-13
Let l(j) = j**2 - 196*j - 1627. What is l(204)?
5
Let o(f) = -58*f**2 - 63*f - 131. What is o(-2)?
-237
Let v(f) = 17*f**2 + 2949*f + 2942. Give v(-1).
10
Let d(x) = -715*x - 28441. Give d(-41).
874
Let v(a) = -2*a**3 + 102*a**2 + 105*a + 148. Give v(52).
200
Let m(x) = x**3 - 141*x**2 - 1936*x + 854. What is m(-13)?
-4
Let b(v) = -v**3 + 302*v**2 - 30*v + 9114. Give b(302).
54
Let y(b) = -b**2 - 405*b + 51104. What is y(101)?
-2
Let m(d) = 4*d**2 - 109*d + 35. Determine m(37).
1478
Let w(k) = 6332*k + 158274. Give w(-25).
-26
Let b(s) = s**3 + 289*s**2 - 4408*s - 50300. What is b(-303)?
-2
Let l(r) = -104*r**3 - 297*r**2 - r + 20. Give l(-3).
158
Let t(o) = -37230*o + 259858. Calculate t(7).
-752
Let x(k) = 2754*k + 135117. Give x(-50).
-2583
Let i(z) = 78488*z + 470980. Calculate i(-6).
52
Let d(y) = 1474*y - 81153. What is d(55)?
-83
Let r(s) = s**2 - 7738*s + 322916. Calculate r(42).
-316
Let y(w) = -990*w - 10863. What is y(-15)?
3987
Let x(h) = h**2 - 9531*h - 38089. Calculate x(-4).
51
Let t(c) = 2*c**3 + 222*c**2 - 527*c - 8504. Give t(-113).
-29
Let a(i) = 67*i**2 - 10975*i - 2141. Give a(164).
-9
Let v(j) = 5056951*j - 15170854. What is v(3)?
-1
Let j(s) = s**2 + 686*s - 79. Calculate j(0).
-79
Let u(f) = f**3 + 28*f**2 + 27*f + 756. Calculate u(-28).
0
Let p(t) = 10*t**3 - 111*t**2 - 372*t + 4350. Calculate p(11).
137
Let b(g) = -g**2 - 54*g - 178. Give b(-23).
535
Let u(n) = n**3 + 128*n - 1165. What is u(10)?
1115
Let b(f) = -2*f**3 + 64*f**2 - f + 90. Give b(32).
58
Let l(q) = 10*q**2 - 693*q + 2632. Determine l(4).
20
Let n(p) = 4519*p - 22506. What is n(5)?
89
Let a(b) = 26*b**2 + 4607*b - 306. Give a(-177).
-1191
Let o(n) = -5*n**2 - 590*n - 17425. What is o(-59)?
-20
Let y(c) = 2*c**2 - 2471*c + 54597. Give y(22).
1203
Let y(j) = -2*j**2 + 143841*j + 1582482. Give y(-11).
-11
Let d(c) = -74543*c + 1192839. Determine d(16).
151
Let f(t) = -4*t**3 + 15*t**2 + 216*t - 590. Calculate f(-7).
5
Let b(j) = -j**3 - 61*j**2 + 91*j + 1808. Give b(-62).
10
Let y(z) = z**2 + 1705*z + 21983. Give y(-13).
-13
Let l(x) = -x**3 - 38*x**2 - 27*x - 2489. What is l(-39)?
85
Let s(m) = 51368*m + 308226. Give s(-6).
18
Let x(m) = -2*m**2 + 3877*m + 892951. Give x(-208).
7
Let l(u) = u**3 - 71*u**2 + 955*u - 2199. What is l(14)?
-1
Let l(u) = 30782*u - 3693811. Determine l(120).
29
Let t(o) = o**3 - 10*o**2 - 158*o + 239. Give t(18).
-13
Let n(r) = 166*r**2 - 2690*r + 5124. Calculate n(14).
0
Let a(i) = -2*i**2 + 6781*i - 3147410. Give a(555).
-5
Let z(i) = 524*i + 21421. What is z(-37)?
2033
Let b(x) = 5*x**2 - 201*x + 1055. Give b(5).
175
Let n(f) = 9*f**2 - 558*f + 8640. Calculate n(29).
27
Let l(r) = -897*r**2 + 104990*r - 4792. What is l(117)?
5
Let k(h) = -h**3 + 38*h**2 + 656*h - 20466. Calculate k(42).
30
Let o(d) = 47*d**2 + 1198*d + 766. Give o(-23).
-1925
Let a(t) = -t**3 + 7*t**2 + 340*t + 117. What is a(-14)?
-527
Let n(h) = -56*h + 1777. Determine n(-10).
2337
Let n(m) = 9*m**2 + 22053*m + 88194. Determine n(-4).
126
Let k(s) = 2*s**3 + 509*s**2 - 251*s + 956. Give k(-255).
-64
Let h(o) = -o**2 - 8960*o + 9111203. What is h(922)?
-1
Let u(m) = 19263*m + 43515114. Give u(-2259).
-3
Let a(p) = -p**3 - 1411*p**2 - 291156*p + 4620. Calculate a(-1160).
-20
Let t(v) = -371*v - 4475. Give t(-12).
-23
Let h(o) = o**2 - 265*o + 15628. Calculate h(93).
-368
Let u(n) = 23*n**2 - 130*n + 5. What is u(9)?
698
Let t(w) = -3*w**2 - 62*w - 20. Give t(5).
-405
Let n(b) = -21411*b + 64271. Calculate n(3).
38
Let p(x) = -8*x**3 - 341*x**2 + 5246*x - 7. Determine p(12).
17
Let m(w) = -w**2 + 13232*w + 1185556. Determine m(-89).
-13
Let f(i) = 2500*i**2 + 99998*i - 73. Give f(-40).
7
Let j(m) = -34*m + 950. Calculate j(37).
-308
Let n(m) = -m**3 + 4*m**2 - 621*m - 1890. Determine n(-3).
36
Let y(j) = -25*j**2 - 66*j - 816. Determine y(-11).
-3115
Let x(u) = u**3 + 87*u**2 - 251*u - 21907. Determine x(-87).
-70
Let h(t) = 2*t**3 - 340*t**2 - 18*t + 2989. Give h(170).
-71
Let r(l) = 2220*l + 62162. Determine r(-28).
2
Let i(o) = -10*o**3 - 2*o**2 - 159*o - 693. Give i(-5).
1302
Let w(s) = -86620*s - 866167. Determine w(-10).
33
Let p(g) = 8923*g - 53494. What is p(6)?
44
Let z(a) = -a**2 - 105136*a - 1156394. Give z(-11).
-19
Let y(r) = 4*r**